Let s be -2 + (-2)/(-1 - -2). Let g(b) = 3*b**2 - b + 5. What is the units digit of g(s)?
7
What is the hundreds digit of ((-826)/(-3))/(62/279)?
2
Suppose -4*z = 2*u - 158, -3*z - 2*z + 4*u + 191 = 0. Suppose -z = -5*a + 4*a. What is the tens digit of a?
3
Let g(r) = -r - 1. Let b(v) = -11*v - 10. Suppose -c + 2*c = -5*i - 6, -4*i + 3*c = 20. Let f(s) = i*b(s) + 18*g(s). What is the units digit of f(4)?
8
Suppose 3*h - 3*v - 2997 = 0, -v + 2977 = -0*h + 3*h. What is the hundreds digit of h?
9
Suppose 8*z - 82 = 6*z. Suppose z = -p + 101. What is the units digit of p?
0
Let h = 15 - -5. Let m = h + -15. What is the units digit of m*(-3)/(-45)*9?
3
What is the tens digit of (3 - -2 - -1) + 203?
0
Suppose -3*h - 167 - 136 = 0. Let m = h - -180. What is the tens digit of m?
7
Let q(f) = 5*f**3 + 3*f**2 + f. Let k be q(-2). Suppose -3*b = 5*s + b + 25, -10 = 2*b. What is the tens digit of (-2 - k) + (s - -1)?
2
Let i(m) = -m**3 - 26*m**2 - 11*m - 46. What is the units digit of i(-26)?
0
Suppose 0 = 6*k - 9*k + 621. What is the hundreds digit of k?
2
Let z = -11 + 23. Let n(b) = 9*b - z*b - 14*b - b**2 + 7 + 0*b**2. What is the units digit of n(-13)?
9
Let x = -2381 - -4521. What is the thousands digit of x?
2
What is the hundreds digit of (-4)/16 - 7450/(-8)?
9
Let h(v) = 47*v**2 + 26*v - 4. What is the units digit of h(-9)?
9
Suppose 4323 = 2*b + u, -3*b + 6476 = 5*u - 12*u. What is the units digit of b?
1
Let x = -452 + 897. What is the hundreds digit of x?
4
Let z = -206 + 783. What is the tens digit of z?
7
Suppose 4*y - 30 = 7*y. Let d = 91 + y. What is the tens digit of d?
8
Let c(m) = -m**2 - 95*m - 88. What is the units digit of c(-21)?
6
Suppose 0 = -13*r + 10*r + 831. What is the hundreds digit of r?
2
Suppose -2*p = -2, 3*u = -2*u - p + 26. Suppose -u*s = -j - 354, 3*j = 6 - 3. What is the units digit of s?
1
Let p(w) = 4*w - 2. Let q = -8 + 10. Let x be p(q). Suppose -c - c + x = 0. What is the units digit of c?
3
Suppose -8 = -2*r - 2*r. Suppose -r*y = -i + 31, 3*y = -3*i - 2*y + 126. What is the units digit of i?
7
Suppose 4*f - 12 = 0, 5*m - 2*m = 5*f - 33. Let z be m + 6 + (-5 - -2). What is the tens digit of z/(-6)*90/3?
1
Let u be 2/7 - 700/49. What is the tens digit of (-7)/(u/172) - -2?
8
Suppose -b = 2*b. What is the units digit of 2*142/4 - b?
1
Suppose 5*x - 20 = 2*r, 5*r = -0*r - 5*x + 20. Suppose 0 = -2*a - r*a - 3*i + 28, -4*a - 4*i = -64. What is the tens digit of a?
2
Suppose 306 = -4*o + 626. What is the units digit of o?
0
Let o = -171 - -100. Let c = -69 - o. What is the units digit of c?
2
Let v = 2538 - 1449. What is the hundreds digit of v?
0
Let w(t) = -420*t**3 - 2*t**2 - 2*t - 2. Let g be w(-1). Let a = -266 + g. What is the tens digit of a?
5
Let h(q) = -q**3 + 7*q**2 + 19*q - 7. Let v be h(9). Suppose 5*s + v*s - 238 = 0. What is the tens digit of s?
3
Suppose 2202*l = 2205*l - 7251. What is the thousands digit of l?
2
Suppose 0 = z - 4*n - 425, -2*z - 3*n - 4*n + 835 = 0. What is the hundreds digit of z?
4
Let u(n) = 2*n**2 + 8*n + 6. Let o(t) = -2*t**2 + t - 4. Let q be o(3). Let z = -24 - q. What is the tens digit of u(z)?
1
Let a(x) = -2*x**2 + 152*x - 42. What is the units digit of a(31)?
8
Let q(k) = k**2 - 13*k + 4. Let i be q(13). Suppose -455 - 149 = -i*u. What is the hundreds digit of u?
1
Let h = -298 + 498. Suppose -4*i - 4*u = -h, -3*i - 36 = u - 196. What is the units digit of i?
5
What is the units digit of -3 + 55 - (3 - -1)?
8
Let s(a) = 99*a - 173. What is the units digit of s(4)?
3
Let b(n) = 5*n + 19. Let x(g) = -g**2 - 9*g - 38. Let t(k) = -5*b(k) - 3*x(k). What is the hundreds digit of t(6)?
1
Let p(n) be the first derivative of -39*n**2/2 - 2*n - 7. Let w be (-1 - 1) + (-1)/(-1). What is the units digit of p(w)?
7
Suppose -4*d + 69 = -27. Suppose 389 = 5*a + 124. Let z = a - d. What is the units digit of z?
9
Suppose 1290 = -3*j + 18*j. Suppose 9*t + j = 10*t. What is the tens digit of t?
8
Let t(q) = q**3 + 2*q**2 - 5*q - 4. Let p be t(-3). What is the tens digit of p/3*(33 - 6)?
1
Suppose c + 4*u = 262 - 60, c = u + 217. What is the hundreds digit of c?
2
Let u(i) = -i - 2. Let z be ((-13)/(-4))/(8/32). Let c(d) = -3*d - 5. Let f(t) = z*u(t) - 6*c(t). What is the tens digit of f(4)?
2
Suppose 0 = -4*w - 0*b + b + 5, -3*w + 25 = -5*b. Let p = 11 - 7. Suppose 80 = -w*r + p*r. What is the units digit of r?
0
Let a be (-1)/2 + 38/(-4). Let u be 3/(-1)*(-55)/(-33). Let i = u - a. What is the units digit of i?
5
Let p = 1 + -1. Let x be p/(-2 - 3/(-3)). Suppose x*c - 4*c + 36 = 4*z, -10 = -2*c - 4*z. What is the units digit of c?
3
Let k be (-4 - -14)*((-9)/3 - -4). Suppose 23*a - 22*a = k. What is the units digit of a?
0
Suppose 2*t + 5*a - 1503 = -322, -5*t + a = -2939. What is the hundreds digit of t?
5
Let d(z) = z**3 - z**2 - z - 1. Let h(i) = -3*i + i**3 + 5*i**2 - 7*i**3 + 10*i**3 + 5. Let k(y) = -5*d(y) + h(y). What is the tens digit of k(10)?
3
Let m be 0/((60/80)/((-2)/8)). What is the tens digit of 1 + m - (-37 - 0/2)?
3
Let d(f) = 26*f + 4*f**2 + 2*f**2 + 23*f - 38*f - f**3 - 13. What is the units digit of d(7)?
5
Suppose -4*u - 36 = 2*u. What is the units digit of 932/12 + 4/u?
7
What is the tens digit of (-1392458)/(-518) + (-6)/(-7)?
8
Suppose -5*a = -413 - 1402. What is the hundreds digit of a?
3
Suppose -3*z + 15 = -2*w - 2*z, -4*w - 5*z = 51. Let t be (w/(-6))/(3/8). Suppose x + 1 = -t*q - 17, -3*x = 2*q + 4. What is the units digit of x?
2
Suppose 3*n = -3*r + 8*r - 22, r + 2 = -n. Suppose m - 606 = -r*m. What is the hundreds digit of m?
2
Suppose 0*r + 28 = 4*r. Suppose y = -r + 87. Suppose 4*a = 2*i + y, -4*i = a - 2*i - 15. What is the tens digit of a?
1
What is the thousands digit of (-8 - 68822/(-39)) + (-1)/(-3)?
1
Let s(r) = 838*r**2 + 5*r - 1. What is the units digit of s(1)?
2
Suppose -v + 35 + 47 = 0. Suppose 0 = -r - 3*d + 40, -3*r + 52 = -5*d - v. What is the tens digit of r?
4
Suppose -8*i + 3*i = 0. Suppose 0 = -i*f + 5*f. Suppose -o = 2*h - 86, 0 = h - f*h + 2*o - 40. What is the units digit of h?
4
Let h(s) = -s**3 + 17*s**2 + 39*s - 25. Let n be h(19). What is the units digit of (-4)/n + 785/15 + 4?
7
Suppose -2*g = 2*g - 8. Suppose 0 = g*k + 3 - 9, -3*k - 1381 = -5*h. What is the hundreds digit of h?
2
Let g(a) = 2*a + 27. Let x be g(-12). Suppose -j + 144 = x*o, 382 = j + 2*j - o. What is the tens digit of j?
2
Suppose -12*g - 2268 = 768. Let p = 46 - g. What is the tens digit of p?
9
Suppose 3*n + 5*p = -12 + 61, -4 = 4*p. Suppose -2*i = -d - i + n, 2*i = d - 22. Let h = 11 + d. What is the units digit of h?
5
Let j(y) = 18*y**2 + y**3 - 7 - 30*y**2 + 5*y - 22 + 0*y**3. What is the units digit of j(12)?
1
Suppose -2*g + 3*c = 5, -g - 5*c = -4*c - 5. Suppose -3*y + 6*y = -2*v + 126, -g*y = -5*v - 103. What is the units digit of y?
4
Suppose -3*m + 3*x + 102 = 0, x + 168 - 10 = 5*m. Suppose -m = -5*d - 6. Suppose -d*p = -2*j + 103, 4*j + 57 = -p + 252. What is the tens digit of j?
4
Let c(j) = j**3 + 12*j**2 - 8*j + 6. Let g be c(-7). Let l = g + -190. What is the tens digit of l?
1
What is the tens digit of ((-30952)/(-365))/(2/30)?
7
Let m(h) = 4*h**2 + 18*h - 305. What is the units digit of m(14)?
1
Suppose -12 = 3*k, 0*f + 3*k = 5*f - 2042. What is the hundreds digit of f?
4
Let b(t) = -2*t**3 + 11*t**2 + 2*t + 25. Let o(a) = 5*a**3 - 22*a**2 - 3*a - 51. Let y(p) = 7*b(p) + 3*o(p). What is the tens digit of y(-10)?
7
Let b(j) = 3*j**2 + 11*j - 71. What is the hundreds digit of b(-12)?
2
Suppose -5*j - 2*w = 42, w = 4*j - w + 48. Let z = j + 10. Suppose -3*k - k + 4 = z. What is the units digit of k?
1
Let q = -19 + 59. Suppose 5*t - y + q = 0, 5*t = 2*y - 3*y - 50. Let f = 55 - t. What is the units digit of f?
4
Let n = -10 - 14. Let o be 2/(-12) + (-1128)/144. Let t = o - n. What is the units digit of t?
6
Let k = 7 + -5. What is the tens digit of 0 + k - (-478)/2?
4
Let y be 6/3 - 4 - -29. Let n = y - 25. Suppose 112 = 3*t - g, -2*t + 5*g + 164 = n*t. What is the tens digit of t?
3
Let n(r) = 4*r + 17. Let c be n(-5). What is the tens digit of ((-204)/1)/c - 2?
6
Let x(o) = o**3 - 2*o**2 + 3*o + 577. What is the hundreds digit of x(0)?
5
Suppose -29 - 5 = -2*b + 5*x, 4*b - 78 = 5*x. Let d = -14 + b. Suppose -h = -3*h + d. What is the units dig